3
In base 2, what is -110000101111101001010110 + 0?
-110000101111101001010110
In base 16, what is -9 + 8f313?
8f30a
In base 3, what is 12 + 10011122110222202?
10011122110222221
In base 16, what is 2d57ec4 - 5?
2d57ebf
In base 2, what is -110001111010010101111110100 + 0?
-110001111010010101111110100
In base 15, what is -20e + 26a5c?
2684d
In base 12, what is 121 - -14464?
14585
In base 8, what is 36624 - 1616?
35006
In base 9, what is 1327471 + 0?
1327471
In base 13, what is -1381a4612 - -4?
-1381a460b
In base 3, what is -1210200120 - 1010022?
-1211210212
In base 3, what is -1111122102221120 - -10?
-1111122102221110
In base 13, what is 50 - 280653?
-280603
In base 15, what is -2842c5 + b?
-2842b9
In base 16, what is -ca8 + d?
-c9b
In base 14, what is 207d - 6598?
-4519
In base 14, what is -1677d20 + -3?
-1677d23
In base 14, what is 10d37 + -642?
106d5
In base 11, what is -95087 - 6491?
-a0568
In base 12, what is -1142 + -68674?
-697b6
In base 16, what is -11 + -141ff?
-14210
In base 14, what is -bd2411 + -3?
-bd2414
In base 11, what is 3495940a6 + 5?
349594100
In base 7, what is -3354433520 + -1?
-3354433521
In base 9, what is 1587580 + 5?
1587585
In base 6, what is 3335222 - -410?
3340032
In base 15, what is 1bd78c + -1c9?
1bd5b3
In base 13, what is -136c8 + 20?
-136a8
In base 10, what is -9 + -61839315?
-61839324
In base 8, what is 33 - -1612323?
1612356
In base 16, what is -68d920 + -3?
-68d923
In base 2, what is 1000110100000110001000 - -1?
1000110100000110001001
In base 14, what is 815aa4 - -8?
815aac
In base 16, what is -3 - -1754d5?
1754d2
In base 16, what is 58ae + -3e?
5870
In base 9, what is -7 + 20673688?
20673681
In base 13, what is -ac + -3579?
-3658
In base 5, what is 101223032 + -34?
101222443
In base 8, what is 3605513 + 37?
3605552
In base 5, what is 20123 - -1223311?
1243434
In base 16, what is 2b + 6600?
662b
In base 3, what is -21 - -1220222112100111?
1220222112100020
In base 15, what is -1a7923 + -114?
-1a7a37
In base 6, what is 2030 - -2223?
4253
In base 8, what is -55516 + 217?
-55277
In base 9, what is -442645 - 68?
-442724
In base 12, what is 5 + 55585623?
55585628
In base 7, what is 15456 + 26461?
45250
In base 15, what is bb3927 - -3?
bb392a
In base 12, what is -227a0 + 60?
-22740
In base 4, what is -23012021022110 - -2?
-23012021022102
In base 8, what is 12113345 - -124?
12113471
In base 10, what is -3 - -791307?
791304
In base 11, what is -3824 + -57?
-3880
In base 4, what is -30003 + -232020?
-322023
In base 9, what is 47 + 1365285?
1365343
In base 14, what is -a + 1cbc4d7?
1cbc4cb
In base 2, what is -1100100011000 + 100111111001101?
11011010110101
In base 5, what is 1214 - 44240022?
-44233303
In base 6, what is -1 - 334310325?
-334310330
In base 8, what is 53 - 545?
-472
In base 14, what is -d808 + 40a?
-d3dc
In base 2, what is 0 - 1110000110111110111?
-1110000110111110111
In base 2, what is -111000101001101111010 + -110?
-111000101001110000000
In base 10, what is -1 + -1139254?
-1139255
In base 4, what is 110 - 2202231030112?
-2202231030002
In base 10, what is 2 + -39192314?
-39192312
In base 2, what is -110010 + 1110001111000011000001?
1110001111000010001111
In base 15, what is -5 + -2ac99d3?
-2ac99d8
In base 16, what is -7fda - -3f9d?
-403d
In base 7, what is 640 + -11364330?
-11363360
In base 4, what is -2113 - 2131233?
-2200012
In base 3, what is 12 + -1002000000121120?
-1002000000121101
In base 9, what is 11 - 6332080?
-6332068
In base 14, what is 191 - -3c7d?
4030
In base 8, what is -312074207 + -1?
-312074210
In base 15, what is e4e6cd + 1?
e4e6ce
In base 6, what is 31350201 - -35?
31350240
In base 9, what is 16 - -6613026?
6613043
In base 14, what is -74b - -1c898?
1c14b
In base 8, what is -360 + -634?
-1214
In base 5, what is 3020003142 + 2?
3020003144
In base 15, what is 5 + 3c58e8?
3c58ed
In base 14, what is 26 - -22c53b1?
22c53d7
In base 11, what is a683a - -a4?
a6933
In base 2, what is 11011001101011001 + 10111101010?
11011100101000011
In base 15, what is -1 + -d5974a?
-d5974b
In base 14, what is 40c1867 - b?
40c185a
In base 15, what is ce06 + -581?
c875
In base 9, what is 218801 + 363?
220264
In base 9, what is 122 + 2224116?
2224238
In base 6, what is 15024115222 + -5?
15024115213
In base 2, what is -111000101101110 - -100010010?
-111000001011100
In base 4, what is 2312131 - 1132?
2310333
In base 15, what is 3478d - 5?
34788
In base 4, what is 31002 + 21130030?
21221032
In base 3, what is 0 - 102120202212210?
-102120202212210
In base 3, what is -220221110 - 12010?
-221010120
In base 12, what is 162 - -6a60?
7002
In base 3, what is 1220010211022 - -21?
1220010211120
In base 2, what is 100011110111001001110101 - 1001?
100011110111001001101100
In base 7, what is 43 - -460140?
460213
In base 12, what is -1353b + -976?
-142b5
In base 16, what is -30a + 8e6e?
8b64
In base 4, what is -120200223321 - 11?
-120200223332
In base 11, what is 13 - -2393274a?
23932762
In base 6, what is -124351214252 + 3?
-124351214245
In base 11, what is -3 - 34382740?
-34382743
In base 9, what is -4 + 3813657?
3813653
In base 10, what is 25150255 - 3?
25150252
In base 6, what is -4 - 11424322?
-11424330
In base 16, what is 2 + 284d58d?
284d58f
In base 8, what is -3 + 7375044?
7375041
In base 7, what is 0 + -13400522?
-13400522
In base 15, what is 4ee - 852?
-353
In base 7, what is 202211665 - -5?
202212003
In base 4, what is -2322320102 - 21?
-2322320123
In base 12, what is -64972 + -76?
-64a28
In base 13, what is 5 - -82534?
82539
In base 3, what is 112112021210211 + -10002?
112112021200202
In base 13, what is a9 - 13033?
-12c57
In base 16, what is -55aff + 48?
-55ab7
In base 16, what is 50082d + 11?
50083e
In base 5, what is -42331411033 - 2?
-42331411040
In base 3, what is 1002102220120010 - -1102?
1002102220121112
In base 2, what is 10011100100001 + -1010110111111111?
-1000011011011110
In base 9, what is -100572 - 1210?
-101782
In base 4, what is 3 + -12213023111?
-12213023102
In base 8, what is 15 + -176204125?
-176204110
In base 10, what is 3155 - -1534?
4689
In base 7, what is -1 + -43431230?
-43431231
In base 12, what is a - -1519b367?
1519b375
In base 3, what is 20 - 2010111011222211?
-2010111011222121
In base 9, what is 8 - -315636?
315645
In base 5, what is 2 + -2124131304?
-2124131302
In base 16, what is 4 - 10554293?
-1055428f
In base 7, what is -304505 - 330?
-305135
In base 3, what is -1121201021010 - -1002?
-1121201020001
In base 2, what is -1 + -1111010001010011110000?
-1111010001010011110001
In base 8, what is -6367 + 35022?
26433
In base 5, what is 1 + -122302112223?
-122302112222
In base 4, what is -11101023120 - -12?
-11101023102
In base 6, what is -3 - -241254531?
241254524
In base 11, what is -5 + -89008?
-89012
In base 16, what is 5ef3a - f4?
5ee46
In base 5, what is 10 + 303400114030?
303400114040
In base 15, what is -2 - 5b68dc?
-5b68de
In base 11, what is -16870486 - -2?
-16870484
In base 13, what is 37921 - -34?
37955
In base 12, what is 58b56 + 180?
59116
In base 13, what is 898 - a5964?
-a5099
In base 8, what is 5 - 622421751?
-622421744
In base 5, what is 32204430 + -104?
32204321
In base 4, what is -113111220333 - 2330?
-113111223323
In base 14, what is -39468c + -c3?
-394771
In base 8, what is -53205 + -3616?
-57023
In base 10, what is -61539 + -85?
-61624
In base 9, what is 1055344 + 423?
1055767
In base 15, what is 16d6b - 36a?
16a01
In base 5, what is 4 - -1012032442?
1012033001
In base 15, what is -24a02 - 9b4?
-254b6
In base 14, what is 84dc7 - 10?
84db7
In base 12, what is 525 - 560?
-37
In base 10, what is -924575 - -1?
-924574
In base 15, what is 6c948760 + -3?
6c94875c
In base 8, what is -257626 + 4677?
-252727
In base 6, what is 2415124442 - 34?
2415124404
In base 13, what is 540 + 2216a?
226aa
In base 2, what is -1010 + -11101110011001110010001?
-11101110011001110011011
In base 9, what is 5 + 1170580?
1170585
In base 4, what is 322122313 + -1200?
322121113
In base 7, what is -124 - 126420042?
-126420166
In base 4, what is 0 + 123132013100?
123132013100
In base 14, what is -2678d5 + 418?
-2674bb
In base 2, what is -1010011 - 1011001000000110?
-1011001001011001
In base 8, what is 244004 - -156?
244162
In base 14, what is -a2 - -c1a36?
c1974
In base 11, what is 228a4 + 292?
23086
I